nder when r is divided by f?
13
Let j = -138 + 256. Suppose 5*g + 23 = j. Calculate the remainder when 54 is divided by g.
16
Let j be 2*(3 + 9/(-2)). What is the remainder when (-93)/j - (-1 - 2) is divided by (-59)/(-5) + 2/10?
10
Let p = -14 + -26. Let s = -26 - p. What is the remainder when s is divided by 8?
6
Calculate the remainder when 88 is divided by (((-12)/16)/1)/((-1)/24).
16
Suppose -5*a = d + 3, 5*d - 8 = 5*a - 7*a. What is the remainder when d is divided by (-3)/3*(-1 - 0)?
0
Calculate the remainder when 70 is divided by 1/2 + 215/10.
4
Suppose -5*b + 6 = -2*g + 2, 0 = g + 3*b - 9. Calculate the remainder when 9 is divided by g.
0
Let h(y) = y**2 + 3*y + 7. What is the remainder when 20 is divided by h(-3)?
6
Let u(s) = -s**2 + 14*s - 11. Calculate the remainder when u(12) is divided by 4.
1
Let r(y) = -11*y - 2. What is the remainder when 35 is divided by r(-1)?
8
Let y = 146 - 100. What is the remainder when y is divided by 12?
10
Suppose 15*n - 21 = 9. Let c(t) = t**3 - 2*t**2 - 3*t + 2. What is the remainder when n is divided by c(3)?
0
Let t(w) = w**3 + 2*w**3 - w**3. Suppose -s - 4*s = 5*a - 50, 0 = s + 4*a - 13. What is the remainder when t(2) is divided by s?
7
Calculate the remainder when 31 - -1 - (15/(-5) + 2) is divided by 12.
9
Let h = 82 - 55. What is the remainder when h is divided by 10?
7
Let t be (-4)/6*1107/(-18). Suppose -3*s = -c + 16 - 7, 2*s + t = 3*c. Calculate the remainder when 29 is divided by c.
14
Let n = 10 + -6. Suppose -n*h + 59 + 49 = 0. Suppose y - h = -2*y. What is the remainder when 26 is divided by y?
8
Let k = -30 - -62. Suppose -5*u - 22 = -t, 4*t - 5*t + 3*u = -20. Calculate the remainder when k is divided by t.
15
Let d(m) = -4*m + 3. What is the remainder when d(-8) is divided by 19?
16
Let a = -1 - 9. Let l = a + 16. What is the remainder when 16 is divided by l?
4
Suppose -2*x = -11 - 1. Let p(o) = -6*o - 2. What is the remainder when p(-3) is divided by x?
4
Suppose 2*u + 0*u = 34. Calculate the remainder when 30 is divided by u.
13
Suppose 0 = -c - 4*c + 150. Let d(y) = 51*y**2 - y. Let k be d(-1). Suppose 4*p + 4*b = k, 2*b - 2 = 8. Calculate the remainder when c is divided by p.
6
Let i(v) = -1 - 12*v - 3 + 3. Suppose -4*b + 34 = -14. Calculate the remainder when i(-3) is divided by b.
11
Suppose 3*z = 2*t - 11, 4*t - 2*z = -3*z + 1. Let y(c) = c + 6. Let s be y(-5). Calculate the remainder when (-9)/(-4) - s/4 is divided by t.
0
Suppose -5*b = -19 - 56. Let c = -298 - -341. What is the remainder when c is divided by b?
13
What is the remainder when 27 is divided by 3/(-6) - 30/(-4)?
6
Let m = -42 + 61. What is the remainder when 74 is divided by m?
17
Suppose 5*j - y - 95 = 0, 4*j - 2*y + 44 = 7*j. Calculate the remainder when 33 is divided by j.
15
Suppose 0 = 5*x + 5*n - 125, -4*x - 5*n + 119 = 15. What is the remainder when x is divided by 12?
9
Suppose 5 = 5*v - 0. Let f(u) = -u**3 - 14*u**2 - u - 12. Calculate the remainder when ((-5)/2)/(v/(-2)) is divided by f(-14).
1
Let f = -6 - -33. What is the remainder when 51 is divided by f?
24
Let v = -3 + 5. Let d(t) = 2*t + 5. Calculate the remainder when v*(0 + 74/4) is divided by d(4).
11
Suppose 4*k = -2*x + 4*x - 324, -3*x + 2*k + 486 = 0. Calculate the remainder when 67 is divided by x/7 + (-3)/21.
21
Suppose 4*g = 3*g + 15. Suppose -2*t + 3*t - 3 = -i, 0 = i - 5*t + g. Suppose i*q + 2*q = 44. What is the remainder when 64 is divided by q?
20
Let p = 37 - -10. Calculate the remainder when p is divided by 17.
13
Let g(r) = -4*r + 45. Calculate the remainder when g(10) is divided by 2.
1
Let r(o) = 3*o + 3. Let z = -13 - -18. Suppose -z*s + 5*f = -65, -3*s + 62 = 2*s - 4*f. What is the remainder when r(5) is divided by s?
8
Let g = 4 + -7. Let p(s) = -s**3 - 2*s**2 - 3*s - 1. What is the remainder when p(g) is divided by 9?
8
Let l be (-2)/(-5) - (-2)/(-5). Suppose l = -2*o + 5*x + 35, 0 = -2*o - 3*o + 2*x + 98. What is the remainder when o is divided by 8?
4
Let n(p) be the second derivative of p**4/12 - p**3 + p**2 + p. Calculate the remainder when n(6) is divided by 2.
0
Calculate the remainder when 21 is divided by (-24)/(-54) + (-204)/(-27).
5
Let b be ((-3)/6)/(1/8). Calculate the remainder when 6 is divided by ((-6)/b)/(3/8).
2
Suppose -6*p - 5 = -7*p. Let b = 17 - p. Calculate the remainder when 35 is divided by b.
11
Suppose 2*r + r = 5*x - 72, x = -4*r - 4. Calculate the remainder when 34 is divided by x.
10
Suppose -3*w - 36 = -3*i, w + 19 = 2*i + 4*w. Calculate the remainder when 21 is divided by i.
10
Let f(j) be the first derivative of 2*j**3/3 + j**2 + 2*j - 3. Suppose 8*w = -4*y + 3*w + 31, -w - 46 = -5*y. What is the remainder when f(3) is divided by y?
8
Let p(g) = g**3 + 25*g**2 + 20*g - 32. Calculate the remainder when p(-24) is divided by 19.
7
Suppose 3*d = -q + 6*q - 128, 0 = -3*q + 2*d + 77. Calculate the remainder when q is divided by 2.
1
Calculate the remainder when 116 is divided by (-1)/2 + (-305)/(-10).
26
Let s(p) = -24*p - 20. Calculate the remainder when s(-4) is divided by 26.
24
Suppose 4*l - 1351 - 617 = 0. Suppose -3*t = -l - 333. Suppose 0*n - t = -5*n. Calculate the remainder when n is divided by 14.
13
Suppose d - 5*o = -2*d + 212, -3*o + 244 = 4*d. Calculate the remainder when d is divided by 23.
18
Suppose t - 723 = 3*c, -4*t + 0*c + 3*c = -2865. Let g = -170 + t. What is the remainder when g/12 + 2/3 is divided by 16?
14
Suppose -6*u + 9 = 3. What is the remainder when 1 is divided by u?
0
Let u = -1 + 25. What is the remainder when 94 is divided by u?
22
Suppose 0 = 3*l + 2*l + m + 50, l + 4 = m. Let a(t) be the first derivative of -t**4/4 - 3*t**3 + 10*t - 3. Calculate the remainder when a(l) is divided by 4.
2
Suppose -4*r = -3*d - 52, r + 3*d + 1 = -1. Let a(l) = l. What is the remainder when r is divided by a(4)?
2
Let o(f) = -18*f - 6. Let n be o(-4). Suppose 4*z - 98 = n. What is the remainder when z is divided by 11?
8
Suppose 2*g - 4*t - 84 = -2*g, 0 = g + 4*t - 36. What is the remainder when 69 is divided by g?
21
Suppose 0 = q + 2*q - 9. Let j(k) = k - 2. Let r be j(5). Suppose 0 = -3*a - 4*y + 14, 3*a - 21 = r*y + 21. What is the remainder when a is divided by q?
1
Suppose 88 = 2*r - 22. What is the remainder when r is divided by 19?
17
Suppose -p = -2*a + 18, -a + p - 38 = -6*a. Calculate the remainder when 37 is divided by a.
5
Suppose 6 = g - 46. Suppose -5*a + 163 + g = 0. What is the remainder when a is divided by 15?
13
Suppose 19*w - 21*w = -24. Calculate the remainder when 47 is divided by w.
11
Suppose 0 = 5*x - 18 - 2. Suppose -t + 45 = x*t. Calculate the remainder when 17 is divided by t.
8
Suppose 0 = -11*i + 25 + 239. What is the remainder when 93 is divided by i?
21
Suppose 0 = z - 30 + 3. What is the remainder when z is divided by 15?
12
Let c(u) be the second derivative of -u**5/20 + u**4/3 + u**3/3 - u**2 + u. Calculate the remainder when (-6)/(-9) - (-70)/3 is divided by c(3).
11
Let c(p) = 42*p - 6. What is the remainder when c(2) is divided by 20?
18
Let o(n) = -14*n - 2. Calculate the remainder when ((-515)/10)/((-2)/4) is divided by o(-2).
25
Let g(n) = 3*n - 12. Let u(y) = -5*y + 2. Let p be u(-6). Suppose -a = 3*a - p. Calculate the remainder when 47 is divided by g(a).
11
Let b = 58 - 22. What is the remainder when b is divided by 13?
10
Suppose 0 = -2*h - 60 + 4. What is the remainder when 109 is divided by ((0 - -2) + -3)*h?
25
Let m(b) = -b**3 - 6*b**2 + 3. Suppose 0 = -5*c + 5*v - 15, v - 5*v + 18 = -5*c. Calculate the remainder when (-4)/18 - (-74)/9 is divided by m(c).
2
Calculate the remainder when 40 is divided by -33*2*(-5)/30.
7
Suppose -80 = 12*u - 17*u. What is the remainder when 74 is divided by u?
10
Suppose 0 = 4*q + 12, -3*q + 2 = 3*z - 4. Suppose -z*i = -363 + 148. What is the remainder when i is divided by 15?
13
Let m(b) = -b**2 - 9*b - 9. What is the remainder when 1*(-2 + 3 - -8) is divided by m(-7)?
4
Let v(u) = u**3 + 8*u**2 - 14*u - 17. What is the remainder when v(-8) is divided by 14?
11
Suppose -3*l = -35 - 1. Suppose -3*y - 5*d = 8 + l, 2*y - 2*d = -40. Calculate the remainder when 10 is divided by -1 + 0 + y/(-3).
2
Let y(w) = 6*w - 3. Let t = 24 - 16. Calculate the remainder when y(t) is divided by 12.
9
Let g(s) 